. Is (2 - a)/(4/d) composite?
False
Let c(l) = -440*l**3 - 3*l**2 - 75*l - 369. Is c(-5) prime?
False
Let a be ((-246)/(-8))/3 + 10/(-40). Let q be (-4 + 0)/(-4) + 4. Suppose a*x = q*x + 275. Is x a composite number?
True
Let t(f) = -4*f**2 + 37*f - 16. Let y be t(11). Let n = 220 + y. Is n a composite number?
False
Suppose -11*y - 150 = -6*y. Let m = y + 35. Suppose 5*z = -3*h + 5194 + 7527, -4*z - m*h + 10182 = 0. Is z a composite number?
False
Let i be 1/(7/83300) + (3 - -1). Let x = i - 6265. Is x a prime number?
True
Let n be -2 + 4 + -9*2/(-6). Suppose n*m + u = -224 + 3941, m - 737 = 3*u. Suppose -3*f = 5*b - 457, -b - m = -7*f + 2*f. Is f a prime number?
True
Let z = 788 + 131. Suppose 29735 + z = 3*t + 3*v, -t + v = -10208. Is t composite?
True
Suppose -5*i - 13*i + 1816471 = 5*i. Is i prime?
True
Suppose -3*t + 2*t = -55. Is (-53)/5*t/22*-2 prime?
True
Let n(r) = 56*r**3 - 9*r**2 + 26*r - 66. Is n(7) a prime number?
False
Suppose -7 = 3*o - 31. Let j be 25612/o - ((-10)/(-4) + -2). Suppose -d + 4*d - j = 0. Is d a prime number?
False
Let c = 62 - 52. Let u(m) = -4 - 8*m**3 - m - 16*m**2 + c*m**2 - 1 + 3*m**2. Is u(-3) prime?
False
Let t = -261 - -264. Suppose -3*x = -t*k + 3696, 0 = 2*k - x - 3*x - 2474. Is k prime?
False
Suppose 5*a - 19715 = -0*a. Let k = 39 - 36. Suppose 3*z - 5924 = b + 4*b, -2*z - k*b + a = 0. Is z composite?
False
Suppose 0 = -15*r + 9*r + 18. Suppose 2*y = 0, r*y - 58 = -3*z + 56. Suppose 34*d - z*d = -1364. Is d a prime number?
False
Let u(j) = 7135*j**2 + 1683*j - 17. Is u(-10) composite?
False
Let t = -7 + 22. Let i be (3/(-9))/((-1)/t). Suppose -i*q - 2*z + 506 + 283 = 0, 4*q - 620 = 4*z. Is q a prime number?
True
Let t be (5 + 2 + -9)/1*-18446. Suppose -12*r = -16*r + t. Is r a prime number?
False
Suppose 5*v + 5*j = 112995, -116851 + 3886 = -5*v + 5*j. Is (v/(-6))/(-6 - -4) a prime number?
False
Let c(x) = 34*x**2 - 172*x - 183. Is c(-36) a prime number?
False
Let w = -3 + -23. Let u = 29 + w. Suppose 5*s - 398 = -u*m + 829, 4*s - 2045 = -5*m. Is m prime?
True
Suppose -2855 = 14*p - 35517. Is p prime?
True
Suppose -1283 + 31 = 4*y. Let o = -131 - y. Let w = o - -31. Is w prime?
False
Let k(r) = -3*r + 83. Let s be k(27). Suppose l + 2*i - 109 = -0*l, s*i = l - 129. Is l prime?
False
Suppose 19 = 2*d - 9. Let u be 48090/(-98) + (-4)/d. Let f = -109 - u. Is f a composite number?
True
Let s be 4325 + -5 + -7 + 0. Is (s/(-3))/(-1) - (-10)/(-15) a prime number?
False
Suppose 81*p = -84*p + 157*p + 957208. Is p a prime number?
False
Let k be 4 + -11 + 4 - 11. Let j be (10/(-4))/(7/k) - 1. Suppose -j*n = -2*z + 942, 2*z + 5*n = 648 + 330. Is z a prime number?
True
Is (-3846390)/(-45) + 5/3 a composite number?
True
Let x be 9*2*3/(-6). Let w be -1 - 1 - (-13 - x). Suppose 0*d - 2342 = -w*d. Is d prime?
True
Suppose 23*y - 259991 = 1828110. Is y prime?
True
Suppose 0 = -4*y + 16. Let q be ((-8)/(-336)*6)/(1/21847). Suppose -5*v = 3*k - q, -y*v - 428 = 3*k - 2926. Is v a composite number?
True
Let h = 673 + 382. Suppose -h - 8455 = -6*d. Is d composite?
True
Let q = -88 - -97. Suppose 0 = 14*y - q*y - 1465. Is y prime?
True
Let d = 1303 + 4894. Is d prime?
True
Suppose 6*b + 853592 = -36*b + 7761374. Is b prime?
True
Let a(q) = -30625*q - 2056. Is a(-3) a composite number?
False
Let h = 13 + -11. Suppose -h*y + 2*r = -43 + 1597, 4*y = r - 3111. Is (-4 - -3)*y/2 a prime number?
True
Let w be 2 + (-1)/(-1)*5. Suppose 2*b - 4698 = -w*b. Let n = b - -113. Is n a prime number?
False
Suppose 3*l - 4*n = 5692, 0*l + 3*l - 5693 = 5*n. Suppose 14241 = 9*j - l. Is j composite?
True
Suppose 12 = -v + 23. Suppose -2*h - 864 = -v*h. Let u = 139 - h. Is u prime?
True
Let s be 0 + 268220/22 + 72/396. Let u = s + -8219. Is u prime?
False
Let q(w) = 911*w**2 + 110*w - 320. Is q(3) a prime number?
True
Let a(x) = 408*x**3 + x**2 - 23*x + 41. Is a(5) a prime number?
True
Suppose 15879 = c - 2*h, 44*c - 43*c - 5*h - 15882 = 0. Is c composite?
False
Is 596225/(-90)*-26 - 56/(-252) composite?
False
Is 1 - 2 - 5 - 8/(24/(-1236081)) a composite number?
True
Let u = 211 + -171. Suppose -u*z + 13*z + 74979 = 0. Is z prime?
True
Is 16/(448/(-98))*20854/(-7) a prime number?
True
Let g = -88639 - -132824. Is g prime?
False
Let m = -49128 - -120067. Is m a composite number?
True
Suppose -3*p = -18*g + 16*g - 9550, -2*p = 3*g - 6358. Suppose -8*l + 13434 = -p. Is l a composite number?
True
Is 1/((-10076672)/2015336 + 5) prime?
True
Is -5*2/10 - 21101*12/(-2) a prime number?
False
Let s = -1870 - -3080. Let w(p) = -145*p**2 - p - 1. Let y be w(-2). Let g = y + s. Is g prime?
True
Suppose -4*r = -2*n + 14 - 44, r - 3 = 2*n. Suppose -10*u = -r*u - 9535. Is u a prime number?
False
Suppose 4*b + 2118888 = -j + 6157802, 0 = 2*j - 12. Is b composite?
False
Let b(a) = 19*a - 30. Let y be b(2). Let p(s) = 1506*s + 179. Is p(y) a composite number?
False
Suppose 8 = -3*m + 5*m. Suppose 65*o - 2*w = 63*o + 294, -604 = -m*o - 4*w. Is o a prime number?
True
Suppose -2*r = 3*w - 108344, -11*r - 5*w = -7*r - 216682. Is r a composite number?
False
Suppose 25 = 5*c, -4*l - 195716 = 4*c - 696468. Is l a composite number?
False
Suppose 45*b - 343565 - 489237 = 1491673. Is b composite?
True
Suppose -4*y + 0*y = -4*v + 4, -5 = -5*v - 5*y. Let w(k) = k**2 + 2*k - 1. Let p be w(v). Suppose -8583 = -3*b + p*n, -b = 4*b + 2*n - 14321. Is b prime?
False
Let w(s) = -11*s**3 + 7*s**2 + 47*s + 20. Let z be w(-10). Suppose -2*j = f + 3*f - z, 0 = 2*f - 4*j - 5630. Is f a prime number?
False
Let n = -995 - -180. Is -3 - (n - (1 + -4)) composite?
False
Suppose 14*f + 20 = 4*f. Is f/(-9) - (-1268260)/252 prime?
False
Let c = 112 - 133. Let n be (-2282)/c*3/(-2). Let a = 330 + n. Is a a composite number?
False
Suppose -3*v + 0*v + 9 = 0, -3*m - 2*v + 465 = 0. Let r = m + -105. Is (1 - 3) + 3 + 3*r a prime number?
False
Is (-2)/(3185289/(-1061757) - -3) a prime number?
True
Let k(a) = a**3 + 23*a**2 + a - 2. Suppose 5*r = -105 - 325. Let l = r + 67. Is k(l) prime?
True
Let k(z) = 13*z - 112. Let p be k(9). Let y(v) = 92*v**2 - 13*v - 8. Is y(p) prime?
False
Suppose -r = 4*z - 77, -154 = -2*r - 2*z - 0*z. Let u = r - 73. Suppose -h - 2*p + 567 + 188 = 0, -4*p = u*h - 3012. Is h composite?
False
Suppose -4*v = 3498 - 14558. Suppose 6*z = -1049 + v. Is (38/(-4))/((-13)/z) composite?
True
Let r = -47 + 47. Suppose r = -4*u + u. Suppose u = 5*m - l + 256 - 2513, 1355 = 3*m - l. Is m composite?
True
Let b(h) = 14638*h**2 - 12*h - 22. Let w be b(-2). Suppose 0 = -8*g - 12706 + w. Is g composite?
True
Suppose a - 2 = 2. Let o(c) = 103*c**2 - 14*c + 26. Is o(a) composite?
True
Let i = 860 - 866. Is i*(-75736)/48 - 0 a prime number?
True
Suppose -5*r + 0*z = 5*z - 15, -3 = -2*r + z. Suppose 3*d - r*d = -a + 214, 4*d + a - 844 = 0. Let k = 316 - d. Is k a composite number?
True
Suppose 4*q = -4*r + 1093736, -942*r + 940*r - 4*q = -546870. Is r composite?
False
Let b(r) = 0*r + 23 + 6*r + 0*r + 15. Let p be b(-6). Suppose -4*k = p*k - 1794. Is k composite?
True
Suppose 142079 + 243552 = -25*o + 3599356. Is o composite?
False
Let c(t) = -t**2 - 10*t - 12. Let l be c(-7). Suppose -3*j = -l*j + 77124. Is j prime?
False
Suppose 3*j - 1084719 = -48*j. Is j a composite number?
False
Let s = -281545 - -763602. Suppose -s = 8*b - 31*b. Is b a prime number?
True
Let g(c) = 2152*c - 26. Let j be g(1). Let h = j - 1357. Is h a prime number?
True
Let w = -937 + 573. Let b = w - -895. Suppose -28*p + 25*p = -b. Is p composite?
True
Suppose b - 6*x + 2*x = 35, 0 = 3*x + 12. Let m = b + 6. Suppose 0 = -m*f + 31*f - 6756. Is f prime?
False
Let t(s) = 8*s**3 - 5*s**2 - 15*s - 11. Let d(j) = -7*j**3 + 6*j**2 + 14*j + 11. Let g(h) = 4*d(h) + 3*t(h). Is g(-9) composite?
False
Let w = 228 - 359. Let y = 101 - w. Let i = 347 - y. Is i composite?
True
Is 361 + -354 - (-32076)/(2 + -1) a composite number?
False
Suppose -7*s = -2*s - 34850. Suppose 3*l = 2*t + s, 0*t + 2310 = l - 4*t. Is l a prime number?
False
Let s(i) = i**3 + 11*i**2 - 18*i - 72. Let b be s(-13). Let o = 835 + b. Is o composite?
False
Let j = 6 - 2. Suppose -49816 = -61*h + 63461. Suppose 473 = -j*k + h. Is k composite?
True
Let j(o) = 24*o**2 + o + 2. Suppose -l + 7 = i, 2*l + i = 4 + 5. Suppose 0 = -4*n + 14 - l. Is j(n) a composite number